{"version":"1.0","provider_name":"Venezuela | Noti-America.com","provider_url":"https:\/\/noti-america.com\/site\/venezuela","author_name":"rloaiza","author_url":"https:\/\/noti-america.com\/site\/venezuela\/author\/rloaiza\/","title":"Maluma\u00a0fue borrado del Grammy Latino","type":"rich","width":600,"height":338,"html":"<blockquote class=\"wp-embedded-content\" data-secret=\"FAfLIt2nom\"><a href=\"https:\/\/noti-america.com\/site\/venezuela\/2019\/09\/26\/maluma-fue-borrado-del-grammy-latino\/\">Maluma\u00a0fue borrado del Grammy Latino<\/a><\/blockquote><iframe sandbox=\"allow-scripts\" security=\"restricted\" src=\"https:\/\/noti-america.com\/site\/venezuela\/2019\/09\/26\/maluma-fue-borrado-del-grammy-latino\/embed\/#?secret=FAfLIt2nom\" width=\"600\" height=\"338\" title=\"&#171;Maluma\u00a0fue borrado del Grammy Latino&#187; &#8212; Venezuela | Noti-America.com\" data-secret=\"FAfLIt2nom\" frameborder=\"0\" marginwidth=\"0\" marginheight=\"0\" scrolling=\"no\" class=\"wp-embedded-content\"><\/iframe><script>\n\/*! This file is auto-generated *\/\n!function(d,l){\"use strict\";l.querySelector&&d.addEventListener&&\"undefined\"!=typeof URL&&(d.wp=d.wp||{},d.wp.receiveEmbedMessage||(d.wp.receiveEmbedMessage=function(e){var t=e.data;if((t||t.secret||t.message||t.value)&&!\/[^a-zA-Z0-9]\/.test(t.secret)){for(var s,r,n,a=l.querySelectorAll('iframe[data-secret=\"'+t.secret+'\"]'),o=l.querySelectorAll('blockquote[data-secret=\"'+t.secret+'\"]'),c=new RegExp(\"^https?:$\",\"i\"),i=0;i<o.length;i++)o[i].style.display=\"none\";for(i=0;i<a.length;i++)s=a[i],e.source===s.contentWindow&&(s.removeAttribute(\"style\"),\"height\"===t.message?(1e3<(r=parseInt(t.value,10))?r=1e3:~~r<200&&(r=200),s.height=r):\"link\"===t.message&&(r=new URL(s.getAttribute(\"src\")),n=new URL(t.value),c.test(n.protocol))&&n.host===r.host&&l.activeElement===s&&(d.top.location.href=t.value))}},d.addEventListener(\"message\",d.wp.receiveEmbedMessage,!1),l.addEventListener(\"DOMContentLoaded\",function(){for(var e,t,s=l.querySelectorAll(\"iframe.wp-embedded-content\"),r=0;r<s.length;r++)(t=(e=s[r]).getAttribute(\"data-secret\"))||(t=Math.random().toString(36).substring(2,12),e.src+=\"#?secret=\"+t,e.setAttribute(\"data-secret\",t)),e.contentWindow.postMessage({message:\"ready\",secret:t},\"*\")},!1)))}(window,document);\n\/\/# sourceURL=https:\/\/noti-america.com\/site\/venezuela\/wp-includes\/js\/wp-embed.min.js\n<\/script>\n","thumbnail_url":"https:\/\/noti-america.com\/site\/venezuela\/wp-content\/uploads\/sites\/2\/2019\/09\/j_balvin_y_maluma_1-1.jpg","thumbnail_width":631,"thumbnail_height":369,"description":"El artista colombiano Maluma no fue tomado en cuenta para lo que ser\u00e1 el Grammy Latino 2019. Maluma mostr\u00f3 su descontento en su cuenta de Instagrqm al no tener ni una sola nominaci\u00f3n. \u00abTanto&#46;&#46;&#46;"}

El artista colombiano Maluma no fue tomado en cuenta para lo que será el Grammy Latino 2019. Maluma mostró su descontento en su cuenta de Instagrqm al no tener ni una sola nominación. «Tanto&#46;&#46;&#46;
