{"version":"1.0","provider_name":"Ecuador | Noti-America.com","provider_url":"https:\/\/noti-america.com\/site\/ecuador","author_name":"Gregory Quintana Montiel","author_url":"https:\/\/noti-america.com\/site\/ecuador\/author\/gquintana\/","title":"Gobierno de Ecuador rechaza lo actuado por la Asamblea Nacional","type":"rich","width":600,"height":338,"html":"<blockquote class=\"wp-embedded-content\" data-secret=\"gEQwl91uE2\"><a href=\"https:\/\/noti-america.com\/site\/ecuador\/2023\/03\/05\/24319\/\">Gobierno de Ecuador rechaza lo actuado por la Asamblea Nacional<\/a><\/blockquote><iframe sandbox=\"allow-scripts\" security=\"restricted\" src=\"https:\/\/noti-america.com\/site\/ecuador\/2023\/03\/05\/24319\/embed\/#?secret=gEQwl91uE2\" width=\"600\" height=\"338\" title=\"&#171;Gobierno de Ecuador rechaza lo actuado por la Asamblea Nacional&#187; &#8212; Ecuador | Noti-America.com\" data-secret=\"gEQwl91uE2\" frameborder=\"0\" marginwidth=\"0\" marginheight=\"0\" scrolling=\"no\" class=\"wp-embedded-content\"><\/iframe><script>\n\/*! This file is auto-generated *\/\n!function(d,l){\"use strict\";l.querySelector&&d.addEventListener&&\"undefined\"!=typeof URL&&(d.wp=d.wp||{},d.wp.receiveEmbedMessage||(d.wp.receiveEmbedMessage=function(e){var t=e.data;if((t||t.secret||t.message||t.value)&&!\/[^a-zA-Z0-9]\/.test(t.secret)){for(var s,r,n,a=l.querySelectorAll('iframe[data-secret=\"'+t.secret+'\"]'),o=l.querySelectorAll('blockquote[data-secret=\"'+t.secret+'\"]'),c=new RegExp(\"^https?:$\",\"i\"),i=0;i<o.length;i++)o[i].style.display=\"none\";for(i=0;i<a.length;i++)s=a[i],e.source===s.contentWindow&&(s.removeAttribute(\"style\"),\"height\"===t.message?(1e3<(r=parseInt(t.value,10))?r=1e3:~~r<200&&(r=200),s.height=r):\"link\"===t.message&&(r=new URL(s.getAttribute(\"src\")),n=new URL(t.value),c.test(n.protocol))&&n.host===r.host&&l.activeElement===s&&(d.top.location.href=t.value))}},d.addEventListener(\"message\",d.wp.receiveEmbedMessage,!1),l.addEventListener(\"DOMContentLoaded\",function(){for(var e,t,s=l.querySelectorAll(\"iframe.wp-embedded-content\"),r=0;r<s.length;r++)(t=(e=s[r]).getAttribute(\"data-secret\"))||(t=Math.random().toString(36).substring(2,12),e.src+=\"#?secret=\"+t,e.setAttribute(\"data-secret\",t)),e.contentWindow.postMessage({message:\"ready\",secret:t},\"*\")},!1)))}(window,document);\n\/\/# sourceURL=https:\/\/noti-america.com\/site\/ecuador\/wp-includes\/js\/wp-embed.min.js\n<\/script>\n","thumbnail_url":"https:\/\/noti-america.com\/site\/ecuador\/wp-content\/uploads\/sites\/18\/2023\/03\/Cucalon.jpg","thumbnail_width":1200,"thumbnail_height":1200,"description":"REDACCI\u00d3N NOTI AM\u00c9RICA (ECUADOR) El ministro del Gobierno, Henry Cucal\u00f3n, lament\u00f3 que la Asamblea Nacional una vez m\u00e1s le haya fallado al pa\u00eds al acoger el informe de la Comisi\u00f3n Ocasional, pues indic\u00f3 que&#46;&#46;&#46;"}

REDACCIÓN NOTI AMÉRICA (ECUADOR) El ministro del Gobierno, Henry Cucalón, lamentó que la Asamblea Nacional una vez más le haya fallado al país al acoger el informe de la Comisión Ocasional, pues indicó que&#46;&#46;&#46;
