{"version":"1.0","provider_name":"Colombia | Noti-America.com","provider_url":"https:\/\/noti-america.com\/site\/colombia","author_name":"mlenis","author_url":"https:\/\/noti-america.com\/site\/colombia\/author\/mlenis\/","title":"Azul Barichara: azul profundo","type":"rich","width":600,"height":338,"html":"<blockquote class=\"wp-embedded-content\" data-secret=\"GyvtvFm2qS\"><a href=\"https:\/\/noti-america.com\/site\/colombia\/2023\/07\/21\/azul-barichara-azul-profundo\/\">Azul Barichara: azul profundo<\/a><\/blockquote><iframe sandbox=\"allow-scripts\" security=\"restricted\" src=\"https:\/\/noti-america.com\/site\/colombia\/2023\/07\/21\/azul-barichara-azul-profundo\/embed\/#?secret=GyvtvFm2qS\" width=\"600\" height=\"338\" title=\"&#171;Azul Barichara: azul profundo&#187; &#8212; Colombia | Noti-America.com\" data-secret=\"GyvtvFm2qS\" frameborder=\"0\" marginwidth=\"0\" marginheight=\"0\" scrolling=\"no\" class=\"wp-embedded-content\"><\/iframe><script>\n\/*! This file is auto-generated *\/\n!function(d,l){\"use strict\";l.querySelector&&d.addEventListener&&\"undefined\"!=typeof URL&&(d.wp=d.wp||{},d.wp.receiveEmbedMessage||(d.wp.receiveEmbedMessage=function(e){var t=e.data;if((t||t.secret||t.message||t.value)&&!\/[^a-zA-Z0-9]\/.test(t.secret)){for(var s,r,n,a=l.querySelectorAll('iframe[data-secret=\"'+t.secret+'\"]'),o=l.querySelectorAll('blockquote[data-secret=\"'+t.secret+'\"]'),c=new RegExp(\"^https?:$\",\"i\"),i=0;i<o.length;i++)o[i].style.display=\"none\";for(i=0;i<a.length;i++)s=a[i],e.source===s.contentWindow&&(s.removeAttribute(\"style\"),\"height\"===t.message?(1e3<(r=parseInt(t.value,10))?r=1e3:~~r<200&&(r=200),s.height=r):\"link\"===t.message&&(r=new URL(s.getAttribute(\"src\")),n=new URL(t.value),c.test(n.protocol))&&n.host===r.host&&l.activeElement===s&&(d.top.location.href=t.value))}},d.addEventListener(\"message\",d.wp.receiveEmbedMessage,!1),l.addEventListener(\"DOMContentLoaded\",function(){for(var e,t,s=l.querySelectorAll(\"iframe.wp-embedded-content\"),r=0;r<s.length;r++)(t=(e=s[r]).getAttribute(\"data-secret\"))||(t=Math.random().toString(36).substring(2,12),e.src+=\"#?secret=\"+t,e.setAttribute(\"data-secret\",t)),e.contentWindow.postMessage({message:\"ready\",secret:t},\"*\")},!1)))}(window,document);\n\/\/# sourceURL=https:\/\/noti-america.com\/site\/colombia\/wp-includes\/js\/wp-embed.min.js\n<\/script>\n","thumbnail_url":"https:\/\/noti-america.com\/site\/colombia\/wp-content\/uploads\/sites\/20\/2023\/07\/WhatsApp-Image-2023-07-19-at-12.31.59-PM-2.jpeg","thumbnail_width":1066,"thumbnail_height":1600,"description":"NOTI-AMERICA | COLOMBIA La artista \u00c1ngela Jim\u00e9nez presenta la exposici\u00f3n Azul Barichara del 16 de agosto al 30 de septiembre en la sala de exposiciones del Centro Colombo Americano Bogot\u00e1. La exposici\u00f3n se basa&#46;&#46;&#46;"}

NOTI-AMERICA | COLOMBIA La artista Ángela Jiménez presenta la exposición Azul Barichara del 16 de agosto al 30 de septiembre en la sala de exposiciones del Centro Colombo Americano Bogotá. La exposición se basa&#46;&#46;&#46;
