{"version":"1.0","provider_name":"Colombia | Noti-America.com","provider_url":"https:\/\/noti-america.com\/site\/colombia","author_name":"rloaiza","author_url":"https:\/\/noti-america.com\/site\/colombia\/author\/rloaiza\/","title":"Cali, la anfitriona de la moda","type":"rich","width":600,"height":338,"html":"<blockquote class=\"wp-embedded-content\" data-secret=\"nIqpxwaMA7\"><a href=\"https:\/\/noti-america.com\/site\/colombia\/2017\/09\/19\/cali-la-anfitriona-de-la-moda\/\">Cali, la anfitriona de la moda<\/a><\/blockquote><iframe sandbox=\"allow-scripts\" security=\"restricted\" src=\"https:\/\/noti-america.com\/site\/colombia\/2017\/09\/19\/cali-la-anfitriona-de-la-moda\/embed\/#?secret=nIqpxwaMA7\" width=\"600\" height=\"338\" title=\"&#171;Cali, la anfitriona de la moda&#187; &#8212; Colombia | Noti-America.com\" data-secret=\"nIqpxwaMA7\" frameborder=\"0\" marginwidth=\"0\" marginheight=\"0\" scrolling=\"no\" class=\"wp-embedded-content\"><\/iframe><script>\n\/*! This file is auto-generated *\/\n!function(d,l){\"use strict\";l.querySelector&&d.addEventListener&&\"undefined\"!=typeof URL&&(d.wp=d.wp||{},d.wp.receiveEmbedMessage||(d.wp.receiveEmbedMessage=function(e){var t=e.data;if((t||t.secret||t.message||t.value)&&!\/[^a-zA-Z0-9]\/.test(t.secret)){for(var s,r,n,a=l.querySelectorAll('iframe[data-secret=\"'+t.secret+'\"]'),o=l.querySelectorAll('blockquote[data-secret=\"'+t.secret+'\"]'),c=new RegExp(\"^https?:$\",\"i\"),i=0;i<o.length;i++)o[i].style.display=\"none\";for(i=0;i<a.length;i++)s=a[i],e.source===s.contentWindow&&(s.removeAttribute(\"style\"),\"height\"===t.message?(1e3<(r=parseInt(t.value,10))?r=1e3:~~r<200&&(r=200),s.height=r):\"link\"===t.message&&(r=new URL(s.getAttribute(\"src\")),n=new URL(t.value),c.test(n.protocol))&&n.host===r.host&&l.activeElement===s&&(d.top.location.href=t.value))}},d.addEventListener(\"message\",d.wp.receiveEmbedMessage,!1),l.addEventListener(\"DOMContentLoaded\",function(){for(var e,t,s=l.querySelectorAll(\"iframe.wp-embedded-content\"),r=0;r<s.length;r++)(t=(e=s[r]).getAttribute(\"data-secret\"))||(t=Math.random().toString(36).substring(2,12),e.src+=\"#?secret=\"+t,e.setAttribute(\"data-secret\",t)),e.contentWindow.postMessage({message:\"ready\",secret:t},\"*\")},!1)))}(window,document);\n\/\/# sourceURL=https:\/\/noti-america.com\/site\/colombia\/wp-includes\/js\/wp-embed.min.js\n<\/script>\n","thumbnail_url":"https:\/\/noti-america.com\/site\/colombia\/wp-content\/uploads\/sites\/20\/2017\/09\/expocolombia.jpg","thumbnail_width":897,"thumbnail_height":346,"description":"Cali, la anfitriona de la moda El mi\u00e9rcoles 20 de septiembre 2017 empieza en varios escenarios el Exposhow Todo est\u00e1 preparado para el Cali Exposhow, del 20 al 23 de septiembre, tres d\u00edas donde&#46;&#46;&#46;"}

Cali, la anfitriona de la moda El miércoles 20 de septiembre 2017 empieza en varios escenarios el Exposhow Todo está preparado para el Cali Exposhow, del 20 al 23 de septiembre, tres días donde&#46;&#46;&#46;
